{"id":41,"date":"2023-07-13T07:35:15","date_gmt":"2023-07-13T07:35:15","guid":{"rendered":"https:\/\/wp.test.ate.otgs.work\/testqa201\/run-out-au-cricket\/"},"modified":"2023-08-24T13:28:30","modified_gmt":"2023-08-24T13:28:30","slug":"run-out-au-cricket","status":"publish","type":"page","link":"https:\/\/wp.test.ate.otgs.work\/testqa201\/run-out-au-cricket\/?lang=fr","title":{"rendered":"Run out au cricket"},"content":{"rendered":"\n<p>Le run out est une m\u00e9thode d&#8217;expulsion au cricket, r\u00e9gie par la loi 38 des lois du cricket[1]. Un run out se produit g\u00e9n\u00e9ralement lorsque les batteurs tentent de courir entre les guichets et que l&#8217;\u00e9quipe de terrain r\u00e9ussit \u00e0 envoyer la balle \u00e0 un guichet avant qu&#8217;un batteur n&#8217;ait franchi la ligne de pliage pr\u00e8s du guichet. La course incompl\u00e8te que les batteurs tentaient de r\u00e9aliser ne compte pas.<\/p>\n\n\n\n<p>Un batteur est d\u00e9clar\u00e9 run out si, \u00e0 tout moment pendant que la balle est en jeu, aucune partie de sa batte ou de sa personne n&#8217;est au sol derri\u00e8re la zone de frappe et que son guichet est \u00e9quitablement mis \u00e0 terre par l&#8217;\u00e9quipe adverse.<\/p>\n\n\n\n<p>Un batteur peut \u00eatre exclu pour run out, qu&#8217;il tente ou non d&#8217;effectuer un run, m\u00eame si le lancer est un no-ball ou un wide (c&#8217;est-\u00e0-dire qu&#8217;il ne s&#8217;agit pas d&#8217;un bon lancer). Il existe un certain nombre d&#8217;exceptions \u00e0 cette r\u00e8gle :<\/p>\n","protected":false},"excerpt":{"rendered":"<p>Le run out est une m\u00e9thode d&#8217;expulsion au cricket, r\u00e9gie par la loi 38 des lois du cricket[1]. Un run out se produit g\u00e9n\u00e9ralement lorsque les batteurs tentent de courir entre les guichets et que l&#8217;\u00e9quipe de terrain r\u00e9ussit \u00e0 envoyer la balle \u00e0 un guichet avant qu&#8217;un batteur n&#8217;ait franchi la ligne de pliage [&hellip;]<\/p>\n","protected":false},"author":1,"featured_media":0,"parent":0,"menu_order":0,"comment_status":"closed","ping_status":"closed","template":"","meta":{"footnotes":""},"class_list":["post-41","page","type-page","status-publish","hentry"],"_links":{"self":[{"href":"https:\/\/wp.test.ate.otgs.work\/testqa201\/wp-json\/wp\/v2\/pages\/41","targetHints":{"allow":["GET"]}}],"collection":[{"href":"https:\/\/wp.test.ate.otgs.work\/testqa201\/wp-json\/wp\/v2\/pages"}],"about":[{"href":"https:\/\/wp.test.ate.otgs.work\/testqa201\/wp-json\/wp\/v2\/types\/page"}],"author":[{"embeddable":true,"href":"https:\/\/wp.test.ate.otgs.work\/testqa201\/wp-json\/wp\/v2\/users\/1"}],"replies":[{"embeddable":true,"href":"https:\/\/wp.test.ate.otgs.work\/testqa201\/wp-json\/wp\/v2\/comments?post=41"}],"version-history":[{"count":1,"href":"https:\/\/wp.test.ate.otgs.work\/testqa201\/wp-json\/wp\/v2\/pages\/41\/revisions"}],"predecessor-version":[{"id":242,"href":"https:\/\/wp.test.ate.otgs.work\/testqa201\/wp-json\/wp\/v2\/pages\/41\/revisions\/242"}],"wp:attachment":[{"href":"https:\/\/wp.test.ate.otgs.work\/testqa201\/wp-json\/wp\/v2\/media?parent=41"}],"curies":[{"name":"wp","href":"https:\/\/api.w.org\/{rel}","templated":true}]}}