{"id":378,"date":"2023-08-21T11:59:55","date_gmt":"2023-08-21T11:59:55","guid":{"rendered":"https:\/\/wp.test.ate.otgs.work\/testqa201\/mortal-kombat\/"},"modified":"2023-08-21T11:59:55","modified_gmt":"2023-08-21T11:59:55","slug":"mortal-kombat","status":"publish","type":"page","link":"https:\/\/wp.test.ate.otgs.work\/testqa201\/mortal-kombat\/?lang=cs","title":{"rendered":"Mortal Kombat"},"content":{"rendered":"\n<p><em>\n  <strong>Mortal Kombat<\/strong>\n<\/em> je <a href=\"https:\/\/en.wikipedia.org\/wiki\/Media_franchise\">medi\u00e1ln\u00ed s\u00e9rie<\/a> <a href=\"https:\/\/en.wikipedia.org\/wiki\/Fighting_game\">bojov\u00fdch<\/a> <a href=\"https:\/\/en.wikipedia.org\/wiki\/Video_game\">videoher<\/a> p\u016fvodn\u011b vyvinut\u00e1 spole\u010dnost\u00ed <a href=\"https:\/\/en.wikipedia.org\/wiki\/Midway_Games\">Midway Games<\/a> v roce 1992.<\/p>\n\n\n\n<p>The original <em><a href=\"https:\/\/en.wikipedia.org\/wiki\/Mortal_Kombat_(1992_video_game)\">Mortal Kombat<\/a><\/em> arcade game spawned <a href=\"https:\/\/en.wikipedia.org\/wiki\/List_of_Mortal_Kombat_media\">a franchise<\/a> consisting of <a href=\"https:\/\/en.wikipedia.org\/wiki\/Action-adventure_games\">action-adventure games<\/a>, a comic book series, a card game, films, an animated TV series, and a live-action tour. <em>Mortal Kombat<\/em> has become the best-selling fighting game franchise worldwide and one of the <a href=\"https:\/\/en.wikipedia.org\/wiki\/List_of_highest-grossing_media_franchises\">highest-grossing media franchises of all time<\/a>.<\/p>\n\n\n\n<p>S\u00e9rie m\u00e1 pov\u011bst hry s vysokou m\u00edrou grafick\u00e9ho n\u00e1sil\u00ed, zejm\u00e9na d\u00edky <a href=\"https:\/\/en.wikipedia.org\/wiki\/Fatality_(Mortal_Kombat)\">fatalit\u00e1m,<\/a> co\u017e jsou dokon\u010dovac\u00ed pohyby, kter\u00e9 pora\u017een\u00e9ho protivn\u00edka zabij\u00ed, m\u00edsto aby ho omr\u00e1\u010dily. <a href=\"https:\/\/en.wikipedia.org\/wiki\/Controversies_surrounding_Mortal_Kombat\">Kontroverze kolem <em>Mortal Kombat<\/em><\/a> \u010d\u00e1ste\u010dn\u011b vedly k vytvo\u0159en\u00ed syst\u00e9mu hodnocen\u00ed videoher ESRB ( <a href=\"https:\/\/en.wikipedia.org\/wiki\/Entertainment_Software_Rating_Board\">Entertainment Software Rating Board<\/a> ). Prvn\u00ed hry s\u00e9rie se vyzna\u010dovaly realistick\u00fdmi <a href=\"https:\/\/en.wikipedia.org\/wiki\/Digitization\">digitalizovan\u00fdmi<\/a> <a href=\"https:\/\/en.wikipedia.org\/wiki\/Sprite_(computer_graphics)\">sprity<\/a> a rozs\u00e1hl\u00fdm pou\u017e\u00edv\u00e1n\u00edm <a href=\"https:\/\/en.wikipedia.org\/wiki\/Palette_swap\">v\u00fdm\u011bny palet<\/a> pro vytv\u00e1\u0159en\u00ed nov\u00fdch postav. Po bankrotu spole\u010dnosti Midway z\u00edskal v\u00fdvoj\u00e1\u0159sk\u00fd t\u00fdm <em>Mortal Kombat<\/em> spole\u010dnost  <a href=\"https:\/\/en.wikipedia.org\/wiki\/Warner_Bros._Entertainment\">Warner Bros. Z\u00e1bava<\/a>  a znovu zalo\u017eena jako <a href=\"https:\/\/en.wikipedia.org\/wiki\/NetherRealm_Studios\">NetherRealm Studios<\/a>.<\/p>\n","protected":false},"excerpt":{"rendered":"<p>Mortal Kombat je medi\u00e1ln\u00ed s\u00e9rie bojov\u00fdch videoher p\u016fvodn\u011b vyvinut\u00e1 spole\u010dnost\u00ed Midway Games v roce 1992. The original Mortal Kombat arcade game spawned a franchise consisting of action-adventure games, a comic book series, a card game, films, an animated TV series, and a live-action tour. Mortal Kombat has become the best-selling fighting game franchise worldwide and [&hellip;]<\/p>\n","protected":false},"author":1,"featured_media":0,"parent":0,"menu_order":0,"comment_status":"closed","ping_status":"closed","template":"","meta":{"footnotes":""},"class_list":["post-378","page","type-page","status-publish","hentry"],"_links":{"self":[{"href":"https:\/\/wp.test.ate.otgs.work\/testqa201\/wp-json\/wp\/v2\/pages\/378","targetHints":{"allow":["GET"]}}],"collection":[{"href":"https:\/\/wp.test.ate.otgs.work\/testqa201\/wp-json\/wp\/v2\/pages"}],"about":[{"href":"https:\/\/wp.test.ate.otgs.work\/testqa201\/wp-json\/wp\/v2\/types\/page"}],"author":[{"embeddable":true,"href":"https:\/\/wp.test.ate.otgs.work\/testqa201\/wp-json\/wp\/v2\/users\/1"}],"replies":[{"embeddable":true,"href":"https:\/\/wp.test.ate.otgs.work\/testqa201\/wp-json\/wp\/v2\/comments?post=378"}],"version-history":[{"count":0,"href":"https:\/\/wp.test.ate.otgs.work\/testqa201\/wp-json\/wp\/v2\/pages\/378\/revisions"}],"wp:attachment":[{"href":"https:\/\/wp.test.ate.otgs.work\/testqa201\/wp-json\/wp\/v2\/media?parent=378"}],"curies":[{"name":"wp","href":"https:\/\/api.w.org\/{rel}","templated":true}]}}