{"id":303,"date":"2023-07-31T14:09:51","date_gmt":"2023-07-31T14:09:51","guid":{"rendered":"https:\/\/wp.test.ate.otgs.work\/testqa201\/hit-run-tv-serie\/"},"modified":"2023-07-31T14:09:51","modified_gmt":"2023-07-31T14:09:51","slug":"hit-run-tv-serie","status":"publish","type":"page","link":"https:\/\/wp.test.ate.otgs.work\/testqa201\/hit-run-tv-serie\/?lang=de","title":{"rendered":"Hit &amp; Run (TV-Serie)"},"content":{"rendered":"\n<p><em>\n  <strong>Hit &amp; Run<\/strong>\n<\/em> ist eine <a href=\"https:\/\/en.wikipedia.org\/wiki\/United_States\">israelisch-amerikanische<\/a> <a href=\"https:\/\/en.wikipedia.org\/wiki\/Television_show\">Netflix-Thriller-Fernsehserie<\/a>, die von <a href=\"https:\/\/en.wikipedia.org\/wiki\/Avi_Issacharoff\">Avi Issacharoff<\/a>, <a href=\"https:\/\/en.wikipedia.org\/wiki\/Lior_Raz\">Lior Raz<\/a>, <a href=\"https:\/\/en.wikipedia.org\/wiki\/Dawn_Prestwich\">Dawn Prestwich<\/a> und <a href=\"https:\/\/en.wikipedia.org\/wiki\/Nicole_Yorkin\">Nicole Yorkin<\/a> entwickelt und geschrieben wurde. Die Premiere der Serie fand am 6. August 2021 statt.<sup>\n  <a href=\"https:\/\/en.wikipedia.org\/wiki\/Hit_%26_Run_(TV_series)#cite_note-Release-1\">[1]<\/a>\n<\/sup> Im September 2021 wurde die Serie nach einer Staffel abgesetzt. <em>Hit &amp; Run<\/em> wurde von <a href=\"https:\/\/en.wikipedia.org\/wiki\/Avi_Issacharoff\">Avi Issacharoff<\/a>, <a href=\"https:\/\/en.wikipedia.org\/wiki\/Lior_Raz\">Lior Raz<\/a>, <a href=\"https:\/\/en.wikipedia.org\/wiki\/Dawn_Prestwich\">Dawn Prestwich<\/a>, und <a href=\"https:\/\/en.wikipedia.org\/wiki\/Nicole_Yorkin\">Nicole Yorkin<\/a> geschrieben.<sup>\n  <a href=\"https:\/\/en.wikipedia.org\/wiki\/Hit_%26_Run_(TV_series)#cite_note-Deadline2-8\">[8]<\/a>\n<\/sup> <a href=\"https:\/\/en.wikipedia.org\/wiki\/Mike_Barker_(director)\">Mike Barker<\/a>.<\/p>\n\n\n\n<p>Hit &amp; Run handelt von einem gl\u00fccklich verheirateten Mann, Segev Azulai, dessen Leben auf den Kopf gestellt wird, als seine Frau bei einem mysteri\u00f6sen Unfall mit Fahrerflucht in <a href=\"https:\/\/en.wikipedia.org\/wiki\/Tel_Aviv\">Tel Aviv<\/a> ums Leben kommt. Traurig und verwirrt sucht er nach den M\u00f6rdern seiner Frau, die in die USA geflohen sind. Mit Hilfe seiner Ex-Geliebten Naomi Hicks deckt er verst\u00f6rende Wahrheiten \u00fcber seine geliebte Frau und die Geheimnisse auf, die sie vor ihm verbarg.<\/p>\n","protected":false},"excerpt":{"rendered":"<p>Hit &amp; Run ist eine israelisch-amerikanische Netflix-Thriller-Fernsehserie, die von Avi Issacharoff, Lior Raz, Dawn Prestwich und Nicole Yorkin entwickelt und geschrieben wurde. Die Premiere der Serie fand am 6. August 2021 statt. [1] Im September 2021 wurde die Serie nach einer Staffel abgesetzt. Hit &amp; Run wurde von Avi Issacharoff, Lior Raz, Dawn Prestwich, und [&hellip;]<\/p>\n","protected":false},"author":1,"featured_media":0,"parent":0,"menu_order":0,"comment_status":"closed","ping_status":"closed","template":"","meta":{"footnotes":""},"class_list":["post-303","page","type-page","status-publish","hentry"],"_links":{"self":[{"href":"https:\/\/wp.test.ate.otgs.work\/testqa201\/wp-json\/wp\/v2\/pages\/303","targetHints":{"allow":["GET"]}}],"collection":[{"href":"https:\/\/wp.test.ate.otgs.work\/testqa201\/wp-json\/wp\/v2\/pages"}],"about":[{"href":"https:\/\/wp.test.ate.otgs.work\/testqa201\/wp-json\/wp\/v2\/types\/page"}],"author":[{"embeddable":true,"href":"https:\/\/wp.test.ate.otgs.work\/testqa201\/wp-json\/wp\/v2\/users\/1"}],"replies":[{"embeddable":true,"href":"https:\/\/wp.test.ate.otgs.work\/testqa201\/wp-json\/wp\/v2\/comments?post=303"}],"version-history":[{"count":0,"href":"https:\/\/wp.test.ate.otgs.work\/testqa201\/wp-json\/wp\/v2\/pages\/303\/revisions"}],"wp:attachment":[{"href":"https:\/\/wp.test.ate.otgs.work\/testqa201\/wp-json\/wp\/v2\/media?parent=303"}],"curies":[{"name":"wp","href":"https:\/\/api.w.org\/{rel}","templated":true}]}}