{"id":235,"date":"2023-07-13T07:35:15","date_gmt":"2023-07-13T07:35:15","guid":{"rendered":"https:\/\/wp.test.ate.otgs.work\/testqa201\/run-out-v-kriketu\/"},"modified":"2023-07-13T07:35:15","modified_gmt":"2023-07-13T07:35:15","slug":"run-out-v-kriketu","status":"publish","type":"page","link":"https:\/\/wp.test.ate.otgs.work\/testqa201\/run-out-v-kriketu\/?lang=cs","title":{"rendered":"Run out v kriketu"},"content":{"rendered":"\n<p>Run out je zp\u016fsob vy\u0159azen\u00ed v kriketu, kter\u00fd se \u0159\u00edd\u00ed z\u00e1konem 38 kriketov\u00fdch z\u00e1kon\u016f.[1] K run outu obvykle doch\u00e1z\u00ed, kdy\u017e se p\u00e1lka\u0159i pokou\u0161ej\u00ed prob\u011bhnout mezi brankami a t\u00fdmu v poli se poda\u0159\u00ed dostat m\u00ed\u010d k jedn\u00e9 brance d\u0159\u00edve, ne\u017e p\u00e1lka\u0159 p\u0159ekro\u010d\u00ed hranici brankovi\u0161t\u011b v bl\u00edzkosti branky. Nedokon\u010den\u00fd b\u011bh, o kter\u00fd se p\u00e1lka\u0159i pokou\u0161eli, se nepo\u010d\u00edt\u00e1.<\/p>\n\n\n\n<p>P\u00e1lka\u0159 je vyautov\u00e1n, pokud kdykoli b\u011bhem hry s m\u00ed\u010dem nen\u00ed \u017e\u00e1dn\u00e1 \u010d\u00e1st jeho p\u00e1lky nebo jeho osoba na zemi za poppingovou brankou a jeho branka je soupe\u0159em spravedliv\u011b polo\u017eena.<\/p>\n\n\n\n<p>P\u00e1lka\u0159 m\u016f\u017ee b\u00fdt vylou\u010den bez ohledu na to, zda se pokou\u0161\u00ed dob\u011bhnout, a to i v p\u0159\u00edpad\u011b, \u017ee se jedn\u00e1 o no-ball nebo \u0161irok\u00fd m\u00ed\u010d (tj. nejedn\u00e1 se o f\u00e9rov\u00fd odpal). Existuje \u0159ada v\u00fdjimek:<\/p>\n","protected":false},"excerpt":{"rendered":"<p>Run out je zp\u016fsob vy\u0159azen\u00ed v kriketu, kter\u00fd se \u0159\u00edd\u00ed z\u00e1konem 38 kriketov\u00fdch z\u00e1kon\u016f.[1] K run outu obvykle doch\u00e1z\u00ed, kdy\u017e se p\u00e1lka\u0159i pokou\u0161ej\u00ed prob\u011bhnout mezi brankami a t\u00fdmu v poli se poda\u0159\u00ed dostat m\u00ed\u010d k jedn\u00e9 brance d\u0159\u00edve, ne\u017e p\u00e1lka\u0159 p\u0159ekro\u010d\u00ed hranici brankovi\u0161t\u011b v bl\u00edzkosti branky. Nedokon\u010den\u00fd b\u011bh, o kter\u00fd se p\u00e1lka\u0159i pokou\u0161eli, se nepo\u010d\u00edt\u00e1. [&hellip;]<\/p>\n","protected":false},"author":1,"featured_media":0,"parent":0,"menu_order":0,"comment_status":"closed","ping_status":"closed","template":"","meta":{"footnotes":""},"class_list":["post-235","page","type-page","status-publish","hentry"],"_links":{"self":[{"href":"https:\/\/wp.test.ate.otgs.work\/testqa201\/wp-json\/wp\/v2\/pages\/235","targetHints":{"allow":["GET"]}}],"collection":[{"href":"https:\/\/wp.test.ate.otgs.work\/testqa201\/wp-json\/wp\/v2\/pages"}],"about":[{"href":"https:\/\/wp.test.ate.otgs.work\/testqa201\/wp-json\/wp\/v2\/types\/page"}],"author":[{"embeddable":true,"href":"https:\/\/wp.test.ate.otgs.work\/testqa201\/wp-json\/wp\/v2\/users\/1"}],"replies":[{"embeddable":true,"href":"https:\/\/wp.test.ate.otgs.work\/testqa201\/wp-json\/wp\/v2\/comments?post=235"}],"version-history":[{"count":0,"href":"https:\/\/wp.test.ate.otgs.work\/testqa201\/wp-json\/wp\/v2\/pages\/235\/revisions"}],"wp:attachment":[{"href":"https:\/\/wp.test.ate.otgs.work\/testqa201\/wp-json\/wp\/v2\/media?parent=235"}],"curies":[{"name":"wp","href":"https:\/\/api.w.org\/{rel}","templated":true}]}}