{"id":128,"date":"2023-07-20T12:51:14","date_gmt":"2023-07-20T12:51:14","guid":{"rendered":"https:\/\/wp.test.ate.otgs.work\/testqa201\/cristi-test3\/"},"modified":"2023-07-27T14:28:47","modified_gmt":"2023-07-27T14:28:47","slug":"cristi-test3","status":"publish","type":"page","link":"https:\/\/wp.test.ate.otgs.work\/testqa201\/cristi-test3\/?lang=cs","title":{"rendered":"Cristi test3"},"content":{"rendered":"\n<p>Ka\u017ed\u00fd den vypiji asi 10 unc\u00ed vody.<\/p>\n","protected":false},"excerpt":{"rendered":"<p>Ka\u017ed\u00fd den vypiji asi 10 unc\u00ed vody.<\/p>\n","protected":false},"author":1,"featured_media":0,"parent":0,"menu_order":0,"comment_status":"closed","ping_status":"closed","template":"","meta":{"footnotes":""},"class_list":["post-128","page","type-page","status-publish","hentry"],"_links":{"self":[{"href":"https:\/\/wp.test.ate.otgs.work\/testqa201\/wp-json\/wp\/v2\/pages\/128","targetHints":{"allow":["GET"]}}],"collection":[{"href":"https:\/\/wp.test.ate.otgs.work\/testqa201\/wp-json\/wp\/v2\/pages"}],"about":[{"href":"https:\/\/wp.test.ate.otgs.work\/testqa201\/wp-json\/wp\/v2\/types\/page"}],"author":[{"embeddable":true,"href":"https:\/\/wp.test.ate.otgs.work\/testqa201\/wp-json\/wp\/v2\/users\/1"}],"replies":[{"embeddable":true,"href":"https:\/\/wp.test.ate.otgs.work\/testqa201\/wp-json\/wp\/v2\/comments?post=128"}],"version-history":[{"count":1,"href":"https:\/\/wp.test.ate.otgs.work\/testqa201\/wp-json\/wp\/v2\/pages\/128\/revisions"}],"predecessor-version":[{"id":134,"href":"https:\/\/wp.test.ate.otgs.work\/testqa201\/wp-json\/wp\/v2\/pages\/128\/revisions\/134"}],"wp:attachment":[{"href":"https:\/\/wp.test.ate.otgs.work\/testqa201\/wp-json\/wp\/v2\/media?parent=128"}],"curies":[{"name":"wp","href":"https:\/\/api.w.org\/{rel}","templated":true}]}}